655?
3, 5, 7, 6473
List the prime factors of 41085067.
137, 299891
What are the prime factors of 685657998?
2, 3, 59, 645629
What are the prime factors of 61438444?
2, 701, 21911
What are the prime factors of 322023508?
2, 47, 1712891
List the prime factors of 876293719.
7, 4657, 26881
List the prime factors of 76765822.
2, 7, 5483273
What are the prime factors of 7704439964?
2, 13, 103, 911, 1579
What are the prime factors of 4335367?
4335367
What are the prime factors of 52382511?
3, 257, 7549
What are the prime factors of 96792136?
2, 7, 281, 6151
What are the prime factors of 488603090?
2, 5, 31, 1576139
What are the prime factors of 153651555?
3, 5, 1823, 1873
List the prime factors of 388550189.
388550189
What are the prime factors of 80472506?
2, 29, 467, 2971
List the prime factors of 747334000.
2, 5, 7, 53381
What are the prime factors of 71274421?
17, 4192613
List the prime factors of 1600635318.
2, 3, 37, 139, 51871
List the prime factors of 9569412.
2, 3, 227, 1171
What are the prime factors of 16849181?
19, 886799
List the prime factors of 1190840943.
3, 449, 884069
What are the prime factors of 52659224?
2, 1447, 4549
List the prime factors of 1898544123.
3, 7, 10045207
List the prime factors of 239655708.
2, 3, 6657103
List the prime factors of 169686641.
773, 219517
List the prime factors of 331682106.
2, 3, 7, 29, 272317
What are the prime factors of 57126162?
2, 3, 2141, 4447
What are the prime factors of 28411700?
2, 5, 284117
List the prime factors of 64997608.
2, 13, 624977
What are the prime factors of 96976250?
2, 5, 7, 11083
List the prime factors of 34520214.
2, 3, 5753369
List the prime factors of 642112979.
642112979
List the prime factors of 2054816240.
2, 5, 25685203
List the prime factors of 1069810821.
3, 83, 227, 701
What are the prime factors of 322475343?
3, 3593, 29917
What are the prime factors of 1049034477?
3, 67, 5219077
List the prime factors of 3044018146.
2, 13, 5417, 21613
List the prime factors of 909707894.
2, 454853947
What are the prime factors of 25492561?
157, 397, 409
What are the prime factors of 2583530632?
2, 521, 619849
What are the prime factors of 428895247?
11, 181, 215417
What are the prime factors of 5672189621?
7, 17, 47665459
List the prime factors of 58451757.
3, 7, 13, 73, 419
List the prime factors of 258990816.
2, 3, 7, 385403
List the prime factors of 385617356.
2, 23, 61, 68713
List the prime factors of 67511147.
11, 607, 10111
List the prime factors of 19917746.
2, 9958873
List the prime factors of 3224009130.
2, 3, 5, 23, 157, 29761
What are the prime factors of 154558063?
11, 839, 16747
List the prime factors of 183870049.
11, 19, 71, 12391
List the prime factors of 403357337.
31, 47, 101, 2741
What are the prime factors of 47098680?
2, 3, 5, 392489
List the prime factors of 73289045.
5, 37, 396157
What are the prime factors of 194869283?
7, 17, 647, 2531
What are the prime factors of 53744250?
2, 3, 5, 7, 29, 353
What are the prime factors of 25727785?
5, 29, 177433
List the prime factors of 933482052.
2, 3, 251, 103307
List the prime factors of 48097988.
2, 31, 337, 1151
What are the prime factors of 482374840?
2, 5, 41, 294131
List the prime factors of 46331074.
2, 23165537
What are the prime factors of 3023447605?
5, 43, 14062547
What are the prime factors of 2712835553?
46853, 57901
List the prime factors of 4292893788.
2, 3, 17, 23, 53, 61, 283
What are the prime factors of 1488456557?
7, 212636651
List the prime factors of 216077105.
5, 43215421
List the prime factors of 822707468.
2, 11, 137, 136481
What are the prime factors of 275997110?
2, 5, 27599711
What are the prime factors of 80005389?
3, 31, 263, 3271
List the prime factors of 45988968.
2, 3, 19, 100853
What are the prime factors of 37339440?
2, 3, 5, 155581
What are the prime factors of 3513736637?
3513736637
What are the prime factors of 3340237185?
3, 5, 863, 86011
List the prime factors of 1253087686.
2, 83, 317, 23813
List the prime factors of 23717666.
2, 7, 31, 37, 211
List the prime factors of 11386267.
47, 242261
List the prime factors of 55672591.
13, 71, 60317
List the prime factors of 217215267.
3, 113, 163, 3931
List the prime factors of 1134212472.
2, 3, 15752951
List the prime factors of 436637088.
2, 3, 505367
List the prime factors of 242106011.
7, 61, 107, 757
What are the prime factors of 3596333853?
3, 7, 43, 769, 5179
What are the prime factors of 44016548?
2, 29, 229, 1657
List the prime factors of 588234294.
2, 3, 32679683
What are the prime factors of 1840821367?
7, 11, 709, 4817
List the prime factors of 431921969.
29, 14893861
What are the prime factors of 101631930?
2, 3, 5, 3387731
What are the prime factors of 3685629?
3, 1228543
List the prime factors of 50090360.
2, 5, 1252259
What are the prime factors of 1169064?
2, 3, 13, 1249
List the prime factors of 32190883.
19, 73, 23209
What are the prime factors of 117902444?
2, 11, 79, 107, 317
List the prime factors of 7989372.
2, 3, 23, 9649
What are the prime factors of 5297803907?
11, 481618537
List the prime factors of 2395572513.
3, 798524171
List the prime factors of 23400858.
2, 3, 13, 43, 6977
What are the prime factors of 885444423?
3, 2687, 109843
List the prime factors of 1474327994.
2, 737163997
List the prime factors of 138558570.
2, 3, 5, 4618619
List the prime factors of 1370955157.
11, 13, 17, 563947
List the prime factors of 6960208716.
2, 3, 139, 463643
List the prime factors of 521852523.
3, 173950841
List the prime factors of 36223416.
2, 3, 67, 2503
What are the prime factors of 4620665?
5, 7, 132019
What are the prime factors of 399719154?
2, 3, 313, 212843
What are the prime factors of 739592340?
2, 3, 5, 12326539
List the prime factors of 1022086756.
2, 255521689
List the prime factors of 99597798.
2, 3, 17, 167, 1949
What are the prime factors of 359414045?
5, 71882809
List the prime factors of 1893663515.
5, 37, 41, 249659
What are the prime factors of 2604509172?
2, 3, 89, 241, 3373
List the prime factors of 87606131.
19, 4610849
List the prime factors of 758708031.
3, 2381, 106217
What are the prime factors of 7049091487?
2663, 2647049
List the prime factors of 7105972.
2, 1776493
What are the prime factors of 541111522?
2, 7, 29, 41, 32507
List the prime factors of 36837643.
36837643
What are the prime factors of 653230039?
7, 11, 8483507
List the prime factors of 515987235.
3, 5, 11466383
What are the prime factors of 243478080?
2, 3, 5, 17, 4973
List the prime factors of 196022424.
2, 3, 13, 31, 1559
What are the prime factors of 198228224?
2, 29, 26701
What are the prime factors of 253689611?
7, 5177339
List the prime factors of 168567582.
2, 3, 19, 1478663
What are the prime factors of 509380099?
29, 59, 463, 643
List the prime factors of 1273726281.
3, 4889, 86843
List the prime factors of 4567431724.
2, 23, 49645997
List the prime factors of 214015408.
2, 41, 107, 3049
What are the prime factors of 32117370?
2, 3, 5, 1070579
What are the prime factors of 323087679?
3, 113, 163, 1949
List the prime factors of 44490469.
44490469
List the prime factors of 56492829.
3, 2092327
List the prime factors of 252722504.
2, 31590313
What are the prime factors of 50007648?
2, 3, 520913
List the prime factors of 3436856350.
2, 5, 149, 461323
What are the prime factors of 774685332?
2, 3, 283, 76039
What are the prime factors of 3046075701?
3, 19501, 52067
What are the prime factors of 2617876403?
2617876403
What are the prime factors of 77830137?
3, 7, 11, 19, 23, 257
List the prime factors of 3727249652.
2, 7, 223, 596933
List the prime factors of 98391949.
98391949
What are the prime factors of 97422268?
2, 53, 157, 2927
What are the prime factors of 1414669634?
2, 7, 251, 402581
What are the prime factors of 1803236030?
2, 5, 181, 996263
What are the prime factors of 41154460?
2, 5, 2057723
What are the prime factors of 39582697?
7, 11, 514061
What are the prime factors of 42708411?
3, 353, 4481
List the prime factors of 147742642.
2, 8543, 8647
What are the prime factors of 707798012?
2, 29, 37, 164911
What are the prime factors of 59496908?
2, 137, 108571
List the prime factors of 363663414.
2, 3, 20203523
What are the prime factors of 276689856?
2, 3, 19, 73, 1039
List the prime factors of 97416203.
8